). Suppose 0 = 2*c - 8, 5*c - 29 + 2 = -y. Determine l(y).
19
Suppose 0*k + 2*k + 56 = 0. Let z = k + 33. Let b(q) = q**3 - 5*q**2 - 2*q + 7. What is b(z)?
-3
Let j(d) be the third derivative of -8*d**2 + 0*d + 1/12*d**4 - 1/120*d**6 + 0*d**3 + 1/20*d**5 + 0. Let x be 5 - 1 - (4/4 - 0). What is j(x)?
6
Suppose -3*q = 2*g + 24, 14 = -4*g - g + 4*q. Let k(r) = 3*r - 1. Give k(g).
-19
Let s(f) = f + 11. Let h be (-2)/4*-3*16/6. Suppose -m - 13 = -h*o, 3*m + 4*o - o = -9. Determine s(m).
6
Let l(r) = 7*r + 37. Let a(f) = -6*f - 34. Let z(s) = 6*a(s) + 5*l(s). Determine z(-16).
-3
Let j(q) be the first derivative of -q**2/2 + 372. Calculate j(-3).
3
Let r(w) = w**2 + 6*w + 10. Suppose 0*k = -2*k - 4*b - 6, 3 = 3*b. Determine r(k).
5
Let g(q) = -q**3 - 3*q**2 + 4*q + 6. Let h = -24 + 48. Let x be 16/(-6)*h/16. Give g(x).
6
Let o(g) be the third derivative of -g**5/30 + g**4/6 - g**3/3 - 6*g**2 + 15*g. What is o(3)?
-8
Suppose -5*r + 0 = 55. Let q(d) = -2*d + 7. Let p(u) = -u + 7. Let v(c) = -3*p(c) + 2*q(c). Let s be v(r). Let i(m) = -m**3 + 5*m**2 - 4*m - 5. What is i(s)?
-5
Let a be (-6)/5*35/(-21). Suppose 9*b - a + 20 = 0. Let z(g) = -11*g**2 - g**3 + 16*g**2 - 7*g**2 + 2 - 2*g. Determine z(b).
6
Let p be ((-3)/8)/((-2)/16). Let g(r) be the second derivative of -5/6*r**p + 0 - 1/12*r**4 - 5/2*r**2 + 9*r. Give g(-5).
-5
Let k(o) = 3*o**3 + 0*o - 2*o - 2*o**3. Let r be k(2). Let v(g) = -r + g - 3*g**3 + 0*g + 3*g**2 + 2*g**3 + 3*g. Calculate v(3).
8
Let x(u) = -u**2 - u - 1. Let n(i) = 4*i**2 + 7*i + 11. Let k(l) = -n(l) - 5*x(l). Let y be 1/6*-2*-18. Calculate k(y).
18
Let r(j) be the third derivative of 1/60*j**5 + 1/8*j**4 + 0*j + 0 - 1/6*j**3 + 13*j**2. Suppose w + 0 + 3 = 0. Calculate r(w).
-1
Let w(n) = -n**2 + 13*n + 5. Let g be 12/6 - (-8 - 1). Determine w(g).
27
Suppose o + s - 4 - 16 = 0, 0 = -3*o + 5*s + 36. Let m = o - 12. Let i(j) = -2 + m - 251*j**2 + 250*j**2. Determine i(4).
-13
Let b be (-10)/6*(-7 - -4). Suppose 0 = -2*w - b + 1. Let t(k) = 1 + k**2 + 4*k**3 + 2*k**2 - 3*k**3 + 2*k. Calculate t(w).
1
Let j = -37 + 36. Let q(p) = p. Let y(k) = k + 6. Let d(u) = j*q(u) - y(u). Determine d(-6).
6
Let f(l) be the second derivative of l**5/20 + l**4/12 - l**3/3 - 13*l**2/2 + 4*l. Let v(w) be the first derivative of f(w). Let o be -2 + (0 - 0/3). Give v(o).
6
Let t be ((-2)/6)/((-2)/30). Suppose -5 = -t*z + 5. Let v(k) be the second derivative of -k**4/12 + k**3/6 - 103*k - 1. Determine v(z).
-2
Let v(z) = -z - 1 + 5 + 0*z. Let k(m) = 3 + m**2 - 7 - 7*m - 3*m. Let x be k(10). What is v(x)?
8
Let n(f) = f**2 + 1. Let v(h) = -h**3 + 6*h**2 + h - 2. Let g(u) = -n(u) - v(u). Calculate g(7).
-6
Suppose n - b + 1 = -0*n, 0 = -4*n - b - 24. Let y(q) = 5*q - 1. Let l(m) = -11*m + 2. Let s(k) = -4*l(k) - 9*y(k). Give s(n).
6
Let r(t) be the first derivative of t**3/3 + 17*t**2/2 + 6*t - 100. Give r(-16).
-10
Let w(k) be the third derivative of -k**6/144 - k**5/60 - 25*k**4/24 - 21*k**2. Let f(a) be the second derivative of w(a). Determine f(-4).
18
Let w(y) = -y**3 + 5*y**2 + 3*y - 7. Suppose -9*h + 4*h + 75 = 0. Suppose 4*n - n = h. Give w(n).
8
Let m(j) = 2*j**2 - 7*j - 1. Let u be m(4). Let g(l) = -2 - 9 + 17 + u*l - 1. Determine g(-4).
-7
Suppose -8*g - 10 = -82. Let d(z) = -27*z**2 + 15*z**2 + 13*z**2 + 8*z + g. Let u be (1 - 2*4) + 0. Calculate d(u).
2
Let y(z) = -2*z**3 - 8*z + z**3 - 8*z**2 - 2 - 2. Suppose 0 = -332*w + 326*w - 42. What is y(w)?
3
Let q be 74/8 + (-6)/24. Let y(c) = -c**3 + 9*c**2 + c - 4. What is y(q)?
5
Let w(s) = 247*s - 1 - 1 + 243*s - 488*s + 25*s**2. Give w(1).
25
Let g(h) = -4*h**2 - 2*h + 4. Let q = -83 + 83. Suppose -5*a - 4*s = s + 15, -4*a - s - 12 = q. What is g(a)?
-26
Suppose -2*t - 5 = -5*l, -2*t + 3 = 3*l - 0*t. Let f(s) = -15*s**2 - 6*s - 13. Let g(w) = -5*w**2 - 2*w - 5. Let p(z) = -3*f(z) + 8*g(z). Determine p(l).
6
Let q be -6*(-4 - 26/(-6)) - 1. Let i(u) = u**3 + 3*u**2 - 3*u + 4. Give i(q).
13
Let y(d) = d**3 - 6*d**2 + 2*d - 6. Let z = -115 - -117. Suppose 2*p + 8 = 3*t, z*t - 7*p = -2*p - 13. Determine y(t).
6
Suppose 7*i - 89 = -154 + 79. Let c(o) = -2 + 0*o + 1 + 3*o. What is c(i)?
5
Let i be (-189)/(-35) + 4/(-10). Let v = i - 1. Let o(r) = 41 - 4*r - 24 + 8*r - r**2 - 18. Determine o(v).
-1
Suppose 50 = 6*r + 4*r. Let w(q) = -q**2 + 2*q - 1. Give w(r).
-16
Let c(q) = 5*q**3 - 14*q**2 + 9*q - 8. Let n(b) = 9*b**3 - 27*b**2 + 18*b - 15. Let z(p) = -7*c(p) + 4*n(p). Give z(9).
-4
Let y(n) = 7*n + 165. Let r be y(-25). Let w(l) = -l**2 - 10*l - 6. Give w(r).
-6
Let n(l) = l**2 + 5*l + 2. Suppose 4*d = 2*h + 16, -5*h - 88 = -d + 3*d. Let q be -3 + 3/((-12)/h). Let b = -7 + q. What is n(b)?
8
Suppose 256 = -55*w + 23*w. Let r(d) = d + 5*d + 5 - 2*d - 3*d. Determine r(w).
-3
Let n(o) = -8*o**3 - o**2 + 4*o - 2. Let y be n(1). Let g(j) = j**3 + 7*j**2 - j - 4. Give g(y).
3
Let i(l) be the first derivative of 9*l**2/2 - l - 2464. Let n(v) = -v + 5. Let p be n(4). Calculate i(p).
8
Let x(o) = -2*o**3 - o**2 + 3*o - 2. Suppose 4*d = 3*b + 5*d + 9, -3*b - 3*d = 15. Calculate x(b).
4
Let i(s) = -5*s + 1. Let f(o) = 9*o - 1. Let n(g) = g**2 + 11*g + 17. Let z be n(-8). Let m(r) = z*i(r) - 4*f(r). Calculate m(6).
-9
Let u be 14/4*52/91. Let w(y) be the second derivative of -y**3 + 3*y + y**u - y - y. Give w(3).
-16
Let o(i) = -15*i + 215. Let h be o(14). Let m(d) = -d**3 + 6*d**2 - 6*d + 2. What is m(h)?
-3
Let g(a) = -a**2 + 28*a + 63. Let w be g(30). Let j(d) = d**3 - 4*d**2. Give j(w).
-9
Let o(j) = 3*j**3 + 48*j**2 + 48*j + 20. Let p(q) = -4*q**3 - 64*q**2 - 64*q - 27. Let r(w) = 11*o(w) + 8*p(w). What is r(-15)?
-11
Let s(z) = -3*z + 3. Let v = 77 + -135. Let d = 55 + v. Give s(d).
12
Let f be -2 + (5 - 3) - -4. Suppose -2*b + f = -4*q - 12, -3*q + 5*b = 5. Let a(y) = -1 - 3 + 8*y**3 - 7*y - 14*y**3 + 5*y**3 - 6*y**2. Give a(q).
6
Let u(g) be the first derivative of 3*g**2 + 5*g + 529. What is u(-2)?
-7
Let r = 95 + -37. Let g = r - 40. Let b be (-1)/(-1 + 21/g). Let q(n) = -n**3 - 7*n**2 - 5*n + 4. Calculate q(b).
-2
Let z(v) be the first derivative of v**3/3 - 4*v**2 + 5*v - 7. Give z(7).
-2
Let f(m) = 1 - 122*m - 130*m + 377*m - 127*m. What is f(2)?
-3
Let o(q) = 4*q**2 + 2*q - 1. Let v(x) = 4*x**2 + 3*x - 1. Let h(w) = 5*o(w) - 4*v(w). Let d = -10345 + 10344. What is h(d)?
5
Suppose -2*z - 61 + 63 = 0. Let i(q) be the third derivative of q**6/144 + q**5/120 + q**4/24 + q**2. Let g(f) be the second derivative of i(f). Calculate g(z).
6
Suppose 6*s = 3*u + 4*s - 16, 3*s - 12 = 0. Let i(l) = 2*l - 11. Calculate i(u).
5
Let u(x) = -6*x - 12. Let r(f) = -11*f - 23. Let o(y) = -3*r(y) + 5*u(y). Let q be (-6 - ((-75)/(-10) + -3))*(-4)/(-6). Give o(q).
-12
Let m(a) be the first derivative of -a**2/2 + 3*a - 3. Let k = 5786 + -5784. Determine m(k).
1
Let u = 713 + -713. Let c(n) = -n + 3. Let s be c(0). Let a(t) = t**3 - 2 - s - 2*t**3. Calculate a(u).
-5
Let i(y) be the first derivative of y**3/3 - 3*y**2/2 - 14*y + 809. What is i(6)?
4
Let p = 2 + 0. Let t = 24 + -12. Let q(o) = o + 0 + 4 - 3 + t*o**p. Calculate q(-1).
12
Suppose 4*f - 9*f - 10 = 2*h, 3*f + 2*h + 10 = 0. Let k(s) = 14 - s - 2*s**2 - 7*s**2 + 2 + 8*s**2. What is k(f)?
16
Let t(d) = 13*d**3 + 24*d**2 + 29*d - 16. Let p(i) = 7*i - 4 - 2*i**2 - 13*i**3 + 8*i**2 + 16*i**3. Let n(k) = 9*p(k) - 2*t(k). Calculate n(-5).
-4
Let s(b) = 410*b + 408*b - 817*b. What is s(7)?
7
Let w(i) = -2 + i + 4*i + 5. Let u(y) = 16*y + 8. Suppose 4*s - 22 = 6*s. Let k(r) = s*w(r) + 4*u(r). What is k(-1)?
-10
Let u(k) be the first derivative of k**2 + 3*k + 1879. Let o be -1 + 0 + (-1)/1. Determine u(o).
-1
Let m(p) = -5*p - 16. Let c be m(-2). Let g(t) = -t**3 - 5*t**2 + 10*t + 14. What is g(c)?
-10
Let q(w) = -3*w. Let f be q(-2). Let t(s) be the first derivative of s**4/24 + 2*s**3/3 + 15*s**2/2 - 14. Let p(o) be the second derivative of t(o). Give p(f).
10
Let p(l) = -95*l + 31*l + 33*l - 20 + 33*l. Determine p(13).
6
Let s(k) be the second derivative of k**3/3 - k**2/2 - k. Suppose -11*c + 45 + 21 = 0. What is s(c)?
11
Let d(c) = c**3 + 5*c**2 + 4*c + 4. Suppose 10 + 10 = m - 5*y, -m - 15 = 2*y. Determine d(m).
-16
Let o be 7 + (50/(-60) - (-38)/(-12)). Let f(a) = -a + 8. Determine f(o).
5
Let x be (40/6 + -5)*3. Let r(m) be the second derivative of 0 + 7